t = 74 - v. Suppose -n = t*p - 2*p - 9, 0 = -4*n + 3*p + 14. What is the units digit of n?
5
Suppose 15*v - 501 = 99. Let p = v - -223. What is the units digit of p?
3
Let d(c) = 28*c + 4. Let v be d(-3). Let t = 79 + v. What is the units digit of (-2)/6*(3 + 138)/t?
7
Let v = -17692 - -27755. What is the ten thousands digit of v?
1
Suppose 5392 = 2*h - 4*v, -4*h = -10*v + 14*v - 10808. Suppose 0*s - 4*s + h = 0. What is the units digit of s?
5
Let v = -34911 + 75461. What is the tens digit of v?
5
What is the tens digit of 91/(-13) - 268/(-40) - 339466/(-20)?
7
Suppose -13*u = -20*u + 31*u - 1047864. What is the tens digit of u?
6
Suppose 3*n - 25371 = z, -38*n + 35*n + 4*z + 25353 = 0. What is the units digit of n?
9
Suppose 396851 = -141*q + 1362983. What is the thousands digit of q?
6
Suppose x - 519 = 3*j + 1925, 3*j - 2426 = -x. Let m = x + -1704. What is the hundreds digit of m?
7
Let i(u) be the first derivative of -23*u**2 - 21*u + 65. What is the units digit of i(-9)?
3
Suppose 14*t = 51044 + 11110 + 35622. What is the units digit of t?
4
Let q(o) = -4*o - 1. Let f be q(0). Let d be -1*(1/(-2))/(f/(-24)). What is the units digit of (78/d)/(1/28)?
2
Let l(o) = 41*o - 82. Let a(d) = 125*d - 246. Let c(n) = -6*a(n) + 17*l(n). What is the tens digit of c(-9)?
5
Let m(x) be the third derivative of -x**5/60 - 13*x**4/12 - 35*x**3/6 + 49*x**2. What is the units digit of m(-24)?
3
Suppose 2*d + p = -0*d + 7, 4*d + p = 9. Let z be (-65)/2*(4 - d - -1). Let b = 21 - z. What is the tens digit of b?
5
Let w(r) be the first derivative of r**2 + 19*r - 21. Let i be w(-8). Suppose 390 = 2*a - 6*f + i*f, -5*a + 5*f = -965. What is the hundreds digit of a?
1
Suppose 155*l = 63*l + 1405944. What is the tens digit of l?
8
Suppose -2*m - 8 = 2*x, -3*m - 3*x = -4*m + 8. Let u be (-327)/(-3)*(1 - m)/2. Suppose -u = 2*t - 3*t. What is the units digit of t?
9
Suppose 20*a - a - 36284 - 21172 = 0. What is the hundreds digit of a?
0
What is the tens digit of (10 - (-141)/(-15))/(5/(544577 - 2))?
4
Suppose -9570 = -19*r + 14*r. Suppose r = 3*j - 135. What is the units digit of j?
3
Let q = -11 - -14. Let g be (q/(-6))/(3/6). Let j = 12 - g. What is the units digit of j?
3
Let j(c) = -7*c**3 + 19*c**2 + 210*c + 365. What is the units digit of j(-22)?
7
Suppose -3*c = 2*r - 62, 0 = -4*c + 9*r - 6*r + 60. Suppose 1316 = c*a - 718. What is the units digit of a?
3
Let k(w) = -11*w + 71. Let t(j) = -5*j + 35. Let q(o) = 6*k(o) - 13*t(o). Let c be q(-10). Let p(r) = -r**2 - 24*r - 10. What is the units digit of p(c)?
5
Let d(p) = 2*p + 2*p - p**2 + 19*p - 25. Let s(l) = -11*l + 94. Let v be s(7). What is the units digit of d(v)?
7
Let j(a) = 2933*a - 12. Let k be j(1). Suppose -19*y - 4*y + k = 0. What is the tens digit of y?
2
Suppose 37 = -4*m + 45. What is the units digit of 723/6 + (-1)/m?
0
What is the thousands digit of (-4)/(-6)*(-1330788)/(-32) - 1221/1628?
7
Let i(g) = 16 + 9*g - 10 - 48. Let b be i(-11). Let z = b - -318. What is the units digit of z?
7
Let l = -55 + 53. Let q be (27/(-45))/(1/5) - l. What is the hundreds digit of (-5 - 22)*5/q?
1
Let d = 367 + -880. Let r = 606 + d. What is the units digit of r?
3
Let a(y) = -550*y - 716. What is the units digit of a(-15)?
4
Let k = -2250 - -1196. What is the tens digit of (k/(-5))/(-2 - (-48)/20)?
2
Suppose 3*f = 598 - 4282. Let g = f - -2178. What is the hundreds digit of g?
9
Let c(n) = n**3 + 12*n**2 - 12*n + 18. Let t be c(-13). Suppose 5*d = t*i + 10, 2*d = -3*d + 5. What is the units digit of 190/3 + 2/(i*6)?
3
Let h(i) = 22*i + 1876. What is the thousands digit of h(0)?
1
Suppose 8*n + 4852 = -4468. Let g = -697 - n. What is the units digit of g?
8
Suppose -5*r - g + 18 = 0, -4*r + 5*g = g - 24. Suppose 2*m + 30 = -4*j, -m + r = 4*j + 25. What is the tens digit of ((-1 + 2)*-8)/(6/m)?
1
Let s(c) = c**2 - 12*c + 35. Let u be s(10). Let k be ((-352)/(-3))/((-5)/u). Let a = k + 621. What is the units digit of a?
9
Suppose 3*v = 2*z + 7241, 15*z - 12*z - 2432 = -v. What is the hundreds digit of v?
4
Let a = -264 + 218. Let s = 319 + a. What is the tens digit of s?
7
Suppose -31*l = -26*l + 220. Let j = 46 + l. Suppose 62 = -b + 3*b + j*z, 5*z = -3*b + 97. What is the units digit of b?
9
Let l(b) = 11*b**2 + 3*b**3 + 5*b - 14*b - b - 1. Let o(i) = -i**3 + 1. Let y(u) = l(u) + 4*o(u). What is the tens digit of y(7)?
2
Suppose 694*g + 154 = 705*g. What is the hundreds digit of (2 - (-9790)/g) + (-2)/7?
7
Suppose 0 = -226*c + 188*c + 3057442. What is the tens digit of c?
5
Let a = -88 - -89. Let c be 41 - (-1 + a) - (-2 + 4). Suppose -3*n + 3 = 5*g - 33, -5*g = 2*n - c. What is the units digit of g?
9
Let i(h) = 7*h - 4. Let o be i(1). Suppose 4*u - 184 = 4*y, -4*y = 1 + o. Suppose 2*x + 132 = 3*f, f - 3*x - u = -2*x. What is the tens digit of f?
4
Let w(b) = 787*b**2 - 25*b - 46. What is the tens digit of w(-2)?
5
Suppose 4*t + 2*r = 16, 0 = t + 2*t + r - 14. Suppose -t*k + 1017 = 3*k. Suppose -47 = -8*y + k. What is the units digit of y?
0
Suppose 4*a = -39*j + 44*j - 70584, 2*j - 3*a = 28235. What is the thousands digit of j?
4
Let j be 1/(-1 - (-4)/6). Let q be ((-2)/j)/(8/60). What is the units digit of ((-78)/10)/((-1)/q)?
9
Suppose 12 = -4*g + 28, 2*f + 5*g = 9190. What is the thousands digit of f?
4
Suppose -6*r + 200 = -2*r. Let w = -16 + r. What is the tens digit of w?
3
What is the hundreds digit of -46743*(2/(-18))/((-143)/(-429))?
5
Let m(a) = -6*a**2 + a**3 + 3*a - 1 - 2*a**2 - a**2 + a**2. Let g be m(8). What is the units digit of 74 - (g - 3)/(-5)?
8
Suppose 10*z - 799 + 2949 = 0. Let a = z + 319. What is the units digit of a?
4
Let r be (8/6)/((-7819)/1302 - -6). Let u = 1164 + r. What is the hundreds digit of u?
9
Let l be 3*-1 - (-25 + 16). What is the units digit of 313/5 - l/(-15)?
3
Suppose -5*d + 9*p = 7*p - 44, 2*d = -p + 23. What is the units digit of 1*(-3308)/(-20) + (-4)/d?
5
What is the thousands digit of (-1575752)/(-183) + ((-5)/3 - -1)?
8
Let h = 17430 - 10675. What is the hundreds digit of h?
7
Let a(m) be the first derivative of m**3 + 5*m**2/2 + 2*m + 102. Suppose 3*s + 3*g = -3, 5*s + 3*g + 9 = -0*g. What is the tens digit of a(s)?
1
Suppose 0 = -13*d - 59*d + 5030934 + 908706. What is the ten thousands digit of d?
8
Let h = 6176 - -708. What is the tens digit of h?
8
Let n(l) = l**3 - 11*l**2 + 10*l + 18. Let u be n(9). Let y = -52 - u. Suppose -5*d - 773 = -5*g - 3*d, y*g - 2*d = 308. What is the hundreds digit of g?
1
Let p(b) = -2511*b - 1605. What is the units digit of p(-2)?
7
Let t be (-1)/(-5) + 17712/15. Suppose t = 3*g + l, 4*l - 1196 = -5*g + 2*g. What is the hundreds digit of g?
3
Suppose 0 = -195*m + 14701961 - 4470701. What is the hundreds digit of m?
4
Suppose q = -4*x + 1897, 943 = 45*x - 43*x - 5*q. What is the hundreds digit of x?
4
Let m be 8/(-20)*1 + 268/20. Suppose -m*d + 12778 = -1977. What is the tens digit of d?
3
Suppose -3*p + 5*c + 16 = 0, 3*p + 4 - 2 = -4*c. Let i = -312 - -315. Suppose -191 = p*n - i*n. What is the units digit of n?
1
Let n(m) = -61*m**2 + 9*m - 5. Let y be n(2). Let w = y - -448. What is the tens digit of w?
1
Let u(i) be the second derivative of -i**5/20 - i**4/12 - i**3 - 3*i**2 + 16*i. Let j be u(-4). Suppose -39 = -5*g + j. What is the units digit of g?
1
Let c be -3 - (0/1)/3. Let t(g) = -39*g + 120. Let k be t(3). What is the units digit of 135/(0 - c/k)?
5
Suppose -12 = -6*l + 42. Let r = l + 7. What is the tens digit of r?
1
Let g(l) be the second derivative of -l**3/2 + 41*l**2/2 + 111*l. What is the tens digit of g(-24)?
1
Let f(n) = 9*n + 106. Let y be f(-12). What is the tens digit of (-1220)/y + -5 + 11?
1
Suppose -290 = -4*n - 2*m, -n - 4*m - 190 = -4*n. Suppose -4*z + 3*r + 96 = 0, 5*z - 50 = r + n. What is the tens digit of 28/z + -1 + (-1786)/(-12)?
4
Suppose 32*i - 119 = 105. Let u(c) = 38*c - 14. What is the units digit of u(i)?
2
Suppose -4*z - 2*n = -0*n - 10, 4*z - 7 = -5*n. Let r(x) = 7*x**3 - 4*x**2 - 7*x - 3. What is the hundreds digit of r(z)?
1
Suppose -2*s + 6*s - 16 = 0. Suppose 0*p - p = -j, s = p. Suppose -3*i - 388 = -j*t, -t - 3*i + 2*i = -97. What is the units digit of t?
7
Let v be (-1)/2*7/((-21)/36). What is the hundreds digit of v/9 - 20208/(-36)?
5
Let j(m) = 4*m + 112. Let i be j